{"id":783,"date":"2022-01-05T15:46:19","date_gmt":"2022-01-05T18:46:19","guid":{"rendered":"https:\/\/3itserver.com.br\/site-de-desenvolvedor\/?page_id=783"},"modified":"2022-02-03T10:58:51","modified_gmt":"2022-02-03T13:58:51","slug":"transparencia","status":"publish","type":"page","link":"https:\/\/3itserver.com.br\/site-de-desenvolvedor\/transparencia\/","title":{"rendered":"Transpar\u00eancia"},"content":{"rendered":"\n<blockquote class=\"wp-block-quote is-layout-flow wp-block-quote-is-layout-flow\"><p>Ac\u00f3rd\u00e3os das Decis\u00f5es do Tribunal de Contas &#8211; Contas Anuais do RPPS e o Parecer Pr\u00e9vio das Contas de Governo<\/p><\/blockquote>\n\n\n\n<blockquote class=\"wp-block-quote is-layout-flow wp-block-quote-is-layout-flow\"><p>Avalia\u00e7\u00e3o Atuarial<\/p><\/blockquote>\n\n\n\n<blockquote class=\"wp-block-quote is-layout-flow wp-block-quote-is-layout-flow\"><p>Certid\u00f5es Negativas de Tributos<\/p><\/blockquote>\n\n\n\n<blockquote class=\"wp-block-quote is-layout-flow wp-block-quote-is-layout-flow\"><p>Composi\u00e7\u00e3o Mensal da Carteira de Investimentos<\/p><\/blockquote>\n\n\n\n<blockquote class=\"wp-block-quote is-layout-flow wp-block-quote-is-layout-flow\"><p><a href=\"https:\/\/cadprev.previdencia.gov.br\/Cadprev\/pages\/index.xhtml\" target=\"_blank\" rel=\"noreferrer noopener\">CADPREV<\/a><\/p><\/blockquote>\n\n\n\n<blockquote class=\"wp-block-quote is-layout-flow wp-block-quote-is-layout-flow\"><p><a href=\"https:\/\/cadprev.previdencia.gov.br\/Cadprev\/pages\/publico\/comprovanteRepasse\/pesquisarEnteComprovanteRepasse.xhtml\" target=\"_blank\" rel=\"noreferrer noopener\">Comprovante de Repasse<\/a><\/p><\/blockquote>\n\n\n\n<blockquote class=\"wp-block-quote is-layout-flow wp-block-quote-is-layout-flow\"><p><a href=\"https:\/\/cadprev.previdencia.gov.br\/Cadprev\/pages\/publico\/crp\/pesquisarEnteCrp.xhtml\" target=\"_blank\" rel=\"noreferrer noopener\">CRP<\/a><\/p><\/blockquote>\n\n\n\n<blockquote class=\"wp-block-quote is-layout-flow wp-block-quote-is-layout-flow\"><p><a href=\"https:\/\/cadprev.previdencia.gov.br\/Cadprev\/pages\/modulos\/dair\/consultarDemonstrativos.xhtml\">DAIR<\/a><\/p><\/blockquote>\n\n\n\n<blockquote class=\"wp-block-quote is-layout-flow wp-block-quote-is-layout-flow\"><p><a href=\"https:\/\/cadprev.previdencia.gov.br\/Cadprev\/pages\/modulos\/dipr\/consultarDemonstrativos.xhtml\">DIPR<\/a><\/p><\/blockquote>\n\n\n\n<blockquote class=\"wp-block-quote is-layout-flow wp-block-quote-is-layout-flow\"><p><a href=\"https:\/\/cadprev.previdencia.gov.br\/Cadprev\/pages\/modulos\/dpinV2\/consultarDemonstrativos.xhtml\">DPIN<\/a><\/p><\/blockquote>\n\n\n\n<blockquote class=\"wp-block-quote is-layout-flow wp-block-quote-is-layout-flow\"><p><a href=\"https:\/\/cadprev.previdencia.gov.br\/Cadprev\/pages\/modulos\/draa\/consultarDemonstrativos.xhtml\">DRAA<\/a><\/p><\/blockquote>\n\n\n\n<blockquote class=\"wp-block-quote is-layout-flow wp-block-quote-is-layout-flow\"><p>Demonstra\u00e7\u00f5es Financeiras e Cont\u00e1beis<\/p><\/blockquote>\n\n\n\n<blockquote class=\"wp-block-quote is-layout-flow wp-block-quote-is-layout-flow\"><p>Informa\u00e7\u00f5es Concernentes a Procedimentos Licitat\u00f3rios e Contratos Administrativos<\/p><\/blockquote>\n\n\n\n<blockquote class=\"wp-block-quote is-layout-flow wp-block-quote-is-layout-flow\"><p>Plano de A\u00e7\u00e3o Anual<\/p><\/blockquote>\n\n\n\n<blockquote class=\"wp-block-quote is-layout-flow wp-block-quote-is-layout-flow\"><p>Pol\u00edtica de Investimentos<\/p><\/blockquote>\n\n\n\n<blockquote class=\"wp-block-quote is-layout-flow wp-block-quote-is-layout-flow\"><p>Rela\u00e7\u00e3o de Entidades Credenciadas<\/p><\/blockquote>\n\n\n\n<blockquote class=\"wp-block-quote is-layout-flow wp-block-quote-is-layout-flow\"><p>Relat\u00f3rio de Avalia\u00e7\u00e3o do Passivo Judicial<\/p><\/blockquote>\n\n\n\n<blockquote class=\"wp-block-quote is-layout-flow wp-block-quote-is-layout-flow\"><p>Relat\u00f3rios Mensais e Anuais dos Investimentos<\/p><\/blockquote>\n","protected":false},"excerpt":{"rendered":"<p>Ac\u00f3rd\u00e3os das Decis\u00f5es do Tribunal de Contas &#8211; Contas Anuais do RPPS e o Parecer Pr\u00e9vio das Contas de Governo Avalia\u00e7\u00e3o Atuarial Certid\u00f5es Negativas de Tributos Composi\u00e7\u00e3o Mensal da Carteira de Investimentos CADPREV Comprovante de Repasse CRP DAIR DIPR DPIN DRAA Demonstra\u00e7\u00f5es Financeiras e Cont\u00e1beis Informa\u00e7\u00f5es Concernentes a Procedimentos Licitat\u00f3rios e Contratos Administrativos Plano de [&hellip;]<\/p>\n","protected":false},"author":1,"featured_media":0,"parent":0,"menu_order":0,"comment_status":"closed","ping_status":"closed","template":"","meta":{"_et_pb_use_builder":"off","_et_pb_old_content":"","_et_gb_content_width":"","footnotes":""},"class_list":["post-783","page","type-page","status-publish","hentry"],"_links":{"self":[{"href":"https:\/\/3itserver.com.br\/site-de-desenvolvedor\/wp-json\/wp\/v2\/pages\/783","targetHints":{"allow":["GET"]}}],"collection":[{"href":"https:\/\/3itserver.com.br\/site-de-desenvolvedor\/wp-json\/wp\/v2\/pages"}],"about":[{"href":"https:\/\/3itserver.com.br\/site-de-desenvolvedor\/wp-json\/wp\/v2\/types\/page"}],"author":[{"embeddable":true,"href":"https:\/\/3itserver.com.br\/site-de-desenvolvedor\/wp-json\/wp\/v2\/users\/1"}],"replies":[{"embeddable":true,"href":"https:\/\/3itserver.com.br\/site-de-desenvolvedor\/wp-json\/wp\/v2\/comments?post=783"}],"version-history":[{"count":5,"href":"https:\/\/3itserver.com.br\/site-de-desenvolvedor\/wp-json\/wp\/v2\/pages\/783\/revisions"}],"predecessor-version":[{"id":990,"href":"https:\/\/3itserver.com.br\/site-de-desenvolvedor\/wp-json\/wp\/v2\/pages\/783\/revisions\/990"}],"wp:attachment":[{"href":"https:\/\/3itserver.com.br\/site-de-desenvolvedor\/wp-json\/wp\/v2\/media?parent=783"}],"curies":[{"name":"wp","href":"https:\/\/api.w.org\/{rel}","templated":true}]}}