{"id":1349,"date":"2022-07-22T09:02:20","date_gmt":"2022-07-22T12:02:20","guid":{"rendered":"https:\/\/3itserver.com.br\/palmeiraprev\/?page_id=1349"},"modified":"2022-07-22T09:02:20","modified_gmt":"2022-07-22T12:02:20","slug":"estatuto-dos-funcionarios-publicos-do-municipio-de-palmeira-dos-indios","status":"publish","type":"page","link":"https:\/\/3itserver.com.br\/palmeiraprev\/institucional\/estatuto-dos-funcionarios-publicos-do-municipio-de-palmeira-dos-indios\/","title":{"rendered":"Estatuto dos Funcion\u00e1rios P\u00fablicos do Munic\u00edpio de Palmeira dos \u00cdndios"},"content":{"rendered":"<table id=\"data\" class=\"hover responsive\" width=\"100%\">\n<thead>\n<tr>\n<th>Descri\u00e7\u00e3o<\/th>\n<th style=\"width: 85px;\">Visualizar<\/th>\n<\/tr>\n<\/thead>\n<tbody>\n<tr>\n<td style=\"text-align: left;\">Estatuto dos Funcion\u00e1rios P\u00fablicos do Munic\u00edpio de Palmeira dos \u00cdndios, das Autarquias e das Funda\u00e7\u00f5es P\u00fablicas Municipais.<\/td>\n<td><a href=\"https:\/\/3itserver.com.br\/palmeiraprev\/wp-content\/uploads\/2022\/07\/Estatuto-dos-Servidores-de-Palmeira-dos-\u00cdndios-lei-1.240-Atualizado.pdf\" target=\"_blank\" rel=\"noopener\"> Visualizar<\/a><\/td>\n<\/tr>\n<\/tbody>\n<\/table>\n<div id=\"icpbravoaccess_loaded\"><\/div>\n<div id=\"icpbravoaccess_loaded\"><\/div>\n","protected":false},"excerpt":{"rendered":"<p>Descri\u00e7\u00e3o Visualizar Estatuto dos Funcion\u00e1rios P\u00fablicos do Munic\u00edpio de Palmeira dos \u00cdndios, das Autarquias e das Funda\u00e7\u00f5es P\u00fablicas Municipais. Visualizar<\/p>\n","protected":false},"author":1,"featured_media":0,"parent":869,"menu_order":0,"comment_status":"closed","ping_status":"closed","template":"","meta":{"_et_pb_use_builder":"","_et_pb_old_content":"","_et_gb_content_width":"","footnotes":""},"class_list":["post-1349","page","type-page","status-publish","hentry"],"_links":{"self":[{"href":"https:\/\/3itserver.com.br\/palmeiraprev\/wp-json\/wp\/v2\/pages\/1349","targetHints":{"allow":["GET"]}}],"collection":[{"href":"https:\/\/3itserver.com.br\/palmeiraprev\/wp-json\/wp\/v2\/pages"}],"about":[{"href":"https:\/\/3itserver.com.br\/palmeiraprev\/wp-json\/wp\/v2\/types\/page"}],"author":[{"embeddable":true,"href":"https:\/\/3itserver.com.br\/palmeiraprev\/wp-json\/wp\/v2\/users\/1"}],"replies":[{"embeddable":true,"href":"https:\/\/3itserver.com.br\/palmeiraprev\/wp-json\/wp\/v2\/comments?post=1349"}],"version-history":[{"count":2,"href":"https:\/\/3itserver.com.br\/palmeiraprev\/wp-json\/wp\/v2\/pages\/1349\/revisions"}],"predecessor-version":[{"id":1351,"href":"https:\/\/3itserver.com.br\/palmeiraprev\/wp-json\/wp\/v2\/pages\/1349\/revisions\/1351"}],"up":[{"embeddable":true,"href":"https:\/\/3itserver.com.br\/palmeiraprev\/wp-json\/wp\/v2\/pages\/869"}],"wp:attachment":[{"href":"https:\/\/3itserver.com.br\/palmeiraprev\/wp-json\/wp\/v2\/media?parent=1349"}],"curies":[{"name":"wp","href":"https:\/\/api.w.org\/{rel}","templated":true}]}}