{"id":960,"date":"2022-01-31T17:07:18","date_gmt":"2022-01-31T20:07:18","guid":{"rendered":"https:\/\/3itserver.com.br\/modelo2022_ProGestao\/?page_id=960"},"modified":"2026-01-28T01:40:42","modified_gmt":"2026-01-28T04:40:42","slug":"educacao-previdenciaria","status":"publish","type":"page","link":"https:\/\/3itserver.com.br\/modelo2022_ProGestao\/educacao-previdenciaria\/","title":{"rendered":"Educa\u00e7\u00e3o Previdenci\u00e1ria"},"content":{"rendered":"\n<blockquote class=\"wp-block-quote is-layout-flow wp-block-quote-is-layout-flow\">\n<p>Plano de A\u00e7\u00e3o de Capacita\u00e7\u00e3o<\/p>\n<\/blockquote>\n\n\n\n<blockquote class=\"wp-block-quote is-layout-flow wp-block-quote-is-layout-flow\">\n<p>Cronograma das A\u00e7\u00f5es de Educa\u00e7\u00e3o Previdenci\u00e1ria<\/p>\n<\/blockquote>\n\n\n\n<blockquote class=\"wp-block-quote is-layout-flow wp-block-quote-is-layout-flow\">\n<p>A\u00e7\u00f5es de Di\u00e1logo com os Segurados e a Sociedade:<\/p>\n<cite>&#8211; Cartilhas<br>&#8211; Semin\u00e1rios<br>&#8211; Audi\u00eancia P\u00fablica Anual do Relat\u00f3rio de Governan\u00e7a, dos Resultados da Pol\u00edtica de Investimentos e da Avalia\u00e7\u00e3o Atuarial<\/cite><\/blockquote>\n\n\n\n<blockquote class=\"wp-block-quote is-layout-flow wp-block-quote-is-layout-flow\">\n<p>A\u00e7\u00f5es de Pr\u00e9-Aposentadoria<\/p>\n<\/blockquote>\n\n\n\n<blockquote class=\"wp-block-quote is-layout-flow wp-block-quote-is-layout-flow\">\n<p>A\u00e7\u00f5es de P\u00f3s-Aposentadoria e Envelhecimento Ativo<\/p>\n<\/blockquote>\n","protected":false},"excerpt":{"rendered":"<p>Plano de A\u00e7\u00e3o de Capacita\u00e7\u00e3o Cronograma das A\u00e7\u00f5es de Educa\u00e7\u00e3o Previdenci\u00e1ria A\u00e7\u00f5es de Di\u00e1logo com os Segurados e a Sociedade: &#8211; Cartilhas&#8211; Semin\u00e1rios&#8211; Audi\u00eancia P\u00fablica Anual do Relat\u00f3rio de Governan\u00e7a, dos Resultados da Pol\u00edtica de Investimentos e da Avalia\u00e7\u00e3o Atuarial A\u00e7\u00f5es de Pr\u00e9-Aposentadoria A\u00e7\u00f5es de P\u00f3s-Aposentadoria e Envelhecimento Ativo<\/p>\n","protected":false},"author":1,"featured_media":0,"parent":0,"menu_order":0,"comment_status":"closed","ping_status":"closed","template":"","meta":{"_et_pb_use_builder":"off","_et_pb_old_content":"<!-- wp:quote -->\n<blockquote class=\"wp-block-quote\"><p>Plano de A\u00e7\u00e3o de Capacita\u00e7\u00e3o<\/p><\/blockquote>\n<!-- \/wp:quote -->\n\n<!-- wp:quote -->\n<blockquote class=\"wp-block-quote\"><p>Cronograma das A\u00e7\u00f5es de Educa\u00e7\u00e3o Previdenci\u00e1ria<\/p><\/blockquote>\n<!-- \/wp:quote -->\n\n<!-- wp:quote -->\n<blockquote class=\"wp-block-quote\"><p>A\u00e7\u00f5es de Di\u00e1logo com os Segurados e a Sociedade:<\/p><cite>- Cartilhas<br>- Semin\u00e1rios<br>- Audi\u00eancia P\u00fablica Anual do Relat\u00f3rio de Governan\u00e7a, dos Resultados da Pol\u00edtica de Investimentos e da Avalia\u00e7\u00e3o Atuarial<\/cite><\/blockquote>\n<!-- \/wp:quote -->\n\n<!-- wp:quote -->\n<blockquote class=\"wp-block-quote\"><p>A\u00e7\u00f5es de Pr\u00e9-Aposentadoria<\/p><\/blockquote>\n<!-- \/wp:quote -->\n\n<!-- wp:quote -->\n<blockquote class=\"wp-block-quote\"><p>A\u00e7\u00f5es de P\u00f3s-Aposentadoria e Envelhecimento Ativo<\/p><\/blockquote>\n<!-- \/wp:quote -->","_et_gb_content_width":"","footnotes":""},"class_list":["post-960","page","type-page","status-publish","hentry"],"_links":{"self":[{"href":"https:\/\/3itserver.com.br\/modelo2022_ProGestao\/wp-json\/wp\/v2\/pages\/960","targetHints":{"allow":["GET"]}}],"collection":[{"href":"https:\/\/3itserver.com.br\/modelo2022_ProGestao\/wp-json\/wp\/v2\/pages"}],"about":[{"href":"https:\/\/3itserver.com.br\/modelo2022_ProGestao\/wp-json\/wp\/v2\/types\/page"}],"author":[{"embeddable":true,"href":"https:\/\/3itserver.com.br\/modelo2022_ProGestao\/wp-json\/wp\/v2\/users\/1"}],"replies":[{"embeddable":true,"href":"https:\/\/3itserver.com.br\/modelo2022_ProGestao\/wp-json\/wp\/v2\/comments?post=960"}],"version-history":[{"count":5,"href":"https:\/\/3itserver.com.br\/modelo2022_ProGestao\/wp-json\/wp\/v2\/pages\/960\/revisions"}],"predecessor-version":[{"id":1231,"href":"https:\/\/3itserver.com.br\/modelo2022_ProGestao\/wp-json\/wp\/v2\/pages\/960\/revisions\/1231"}],"wp:attachment":[{"href":"https:\/\/3itserver.com.br\/modelo2022_ProGestao\/wp-json\/wp\/v2\/media?parent=960"}],"curies":[{"name":"wp","href":"https:\/\/api.w.org\/{rel}","templated":true}]}}

Educação Previdenciária

<blockquote class="wp-block-quote is-layout-flow wp-block-quote-is-layout-flow">
<p>Plano de Ação de Capacitação</p>
</blockquote>



<blockquote class="wp-block-quote is-layout-flow wp-block-quote-is-layout-flow">
<p>Cronograma das Ações de Educação Previdenciária</p>
</blockquote>



<blockquote class="wp-block-quote is-layout-flow wp-block-quote-is-layout-flow">
<p>Ações de Diálogo com os Segurados e a Sociedade:</p>
<cite>&#8211; Cartilhas<br>&#8211; Seminários<br>&#8211; Audiência Pública Anual do Relatório de Governança, dos Resultados da Política de Investimentos e da Avaliação Atuarial</cite></blockquote>



<blockquote class="wp-block-quote is-layout-flow wp-block-quote-is-layout-flow">
<p>Ações de Pré-Aposentadoria</p>
</blockquote>



<blockquote class="wp-block-quote is-layout-flow wp-block-quote-is-layout-flow">
<p>Ações de Pós-Aposentadoria e Envelhecimento Ativo</p>
</blockquote>

<p>Plano de Ação de Capacitação Cronograma das Ações de Educação Previdenciária Ações de Diálogo com os Segurados e a Sociedade: &#8211; Cartilhas&#8211; Seminários&#8211; Audiência Pública Anual do Relatório de Governança, dos Resultados da Política de Investimentos e da Avaliação Atuarial Ações de Pré-Aposentadoria Ações de Pós-Aposentadoria e Envelhecimento Ativo</p>

<!-- wp:quote -->
<blockquote class="wp-block-quote"><p>Plano de Ação de Capacitação</p></blockquote>
<!-- /wp:quote -->

<!-- wp:quote -->
<blockquote class="wp-block-quote"><p>Cronograma das Ações de Educação Previdenciária</p></blockquote>
<!-- /wp:quote -->

<!-- wp:quote -->
<blockquote class="wp-block-quote"><p>Ações de Diálogo com os Segurados e a Sociedade:</p><cite>- Cartilhas<br>- Seminários<br>- Audiência Pública Anual do Relatório de Governança, dos Resultados da Política de Investimentos e da Avaliação Atuarial</cite></blockquote>
<!-- /wp:quote -->

<!-- wp:quote -->
<blockquote class="wp-block-quote"><p>Ações de Pré-Aposentadoria</p></blockquote>
<!-- /wp:quote -->

<!-- wp:quote -->
<blockquote class="wp-block-quote"><p>Ações de Pós-Aposentadoria e Envelhecimento Ativo</p></blockquote>
<!-- /wp:quote -->
