{"id":701,"date":"2021-12-16T20:59:46","date_gmt":"2021-12-16T23:59:46","guid":{"rendered":"https:\/\/3itserver.com.br\/modelo2022_ProGestao\/?page_id=701"},"modified":"2026-01-28T01:36:33","modified_gmt":"2026-01-28T04:36:33","slug":"governanca-corporativa","status":"publish","type":"page","link":"https:\/\/3itserver.com.br\/modelo2022_ProGestao\/governanca-corporativa\/","title":{"rendered":"Governan\u00e7a Corporativa"},"content":{"rendered":"\n<blockquote class=\"wp-block-quote is-layout-flow wp-block-quote-is-layout-flow\">\n<p>Comit\u00ea de Investimentos<\/p>\n<cite>&#8211; Atas de Reuni\u00f5es<br>&#8211; Calend\u00e1rio de Reuni\u00f5es<br>&#8211; Membros<br>&#8211; Portarias<br>&#8211; Regimento Interno<\/cite><\/blockquote>\n\n\n\n<blockquote class=\"wp-block-quote is-layout-flow wp-block-quote-is-layout-flow\">\n<p>Conselho Deliberativo<\/p>\n<cite>&#8211; Atas de Reuni\u00f5es<br>&#8211; Calend\u00e1rio de Reuni\u00f5es<br>&#8211; Membros<br>&#8211; Portarias<br>&#8211; Regimento Interno<\/cite><\/blockquote>\n\n\n\n<blockquote class=\"wp-block-quote is-layout-flow wp-block-quote-is-layout-flow\">\n<p>Conselho Fiscal e de Administra\u00e7\u00e3o<\/p>\n<cite>&#8211; Atas de Reuni\u00f5es<br>&#8211; Calend\u00e1rio de Reuni\u00f5es<br>&#8211; Membros<br>&#8211; Portarias<br>&#8211; Regimento Interno<\/cite><\/blockquote>\n\n\n\n<blockquote class=\"wp-block-quote is-layout-flow wp-block-quote-is-layout-flow\">\n<p>Diretoria Executiva<\/p>\n<cite>&#8211; Atas de Reuni\u00f5es<br>&#8211; Calend\u00e1rio de Reuni\u00f5es<br>&#8211; Membros<br>&#8211; Portarias<br>&#8211; Regimento Interno<\/cite><\/blockquote>\n\n\n\n<blockquote class=\"wp-block-quote is-layout-flow wp-block-quote-is-layout-flow\">\n<p>C\u00f3digo de \u00c9tica<\/p>\n<\/blockquote>\n\n\n\n<blockquote class=\"wp-block-quote is-layout-flow wp-block-quote-is-layout-flow\">\n<p>Defini\u00e7\u00e3o de Limites de Al\u00e7adas<\/p>\n<\/blockquote>\n\n\n\n<blockquote class=\"wp-block-quote is-layout-flow wp-block-quote-is-layout-flow\">\n<p>e-Sic<\/p>\n<\/blockquote>\n\n\n\n<blockquote class=\"wp-block-quote is-layout-flow wp-block-quote-is-layout-flow\">\n<p>Gest\u00e3o de Pessoas<\/p>\n<\/blockquote>\n\n\n\n<blockquote class=\"wp-block-quote is-layout-flow wp-block-quote-is-layout-flow\">\n<p><a href=\"https:\/\/3itserver.com.br\/modelo2022_ProGestao\/governanca-corporativa\/legislacao\/\">Legisla\u00e7\u00e3o<\/a><\/p>\n<\/blockquote>\n\n\n\n<blockquote class=\"wp-block-quote is-layout-flow wp-block-quote-is-layout-flow\">\n<p>Mandato, Representa\u00e7\u00e3o e Recondu\u00e7\u00e3o (Conselhos)<\/p>\n<\/blockquote>\n\n\n\n<blockquote class=\"wp-block-quote is-layout-flow wp-block-quote-is-layout-flow\">\n<p>Ouvidoria<\/p>\n<\/blockquote>\n\n\n\n<blockquote class=\"wp-block-quote is-layout-flow wp-block-quote-is-layout-flow\">\n<p><a href=\"https:\/\/3itserver.com.br\/modelo2022_ProGestao\/governanca-corporativa\/pesquisa-de-satisfacao\/\">Pesquisa de Satisfa\u00e7\u00e3o<\/a><\/p>\n<\/blockquote>\n\n\n\n<blockquote class=\"wp-block-quote is-layout-flow wp-block-quote-is-layout-flow\">\n<p>Planejamento Estrat\u00e9gico<\/p>\n<\/blockquote>\n\n\n\n<blockquote class=\"wp-block-quote is-layout-flow wp-block-quote-is-layout-flow\">\n<p>Pol\u00edticas Previdenci\u00e1rias de Sa\u00fade e Seguran\u00e7a do Servidor<\/p>\n<\/blockquote>\n\n\n\n<blockquote class=\"wp-block-quote is-layout-flow wp-block-quote-is-layout-flow\">\n<p>Relat\u00f3rio de Gest\u00e3o Atuarial<\/p>\n<\/blockquote>\n\n\n\n<blockquote class=\"wp-block-quote is-layout-flow wp-block-quote-is-layout-flow\">\n<p>Relat\u00f3rio de Governan\u00e7a Corporativa<\/p>\n<\/blockquote>\n\n\n\n<blockquote class=\"wp-block-quote is-layout-flow wp-block-quote-is-layout-flow\">\n<p>Segrega\u00e7\u00e3o das Atividades<\/p>\n<\/blockquote>\n","protected":false},"excerpt":{"rendered":"<p>Comit\u00ea de Investimentos &#8211; Atas de Reuni\u00f5es&#8211; Calend\u00e1rio de Reuni\u00f5es&#8211; Membros&#8211; Portarias&#8211; Regimento Interno Conselho Deliberativo &#8211; Atas de Reuni\u00f5es&#8211; Calend\u00e1rio de Reuni\u00f5es&#8211; Membros&#8211; Portarias&#8211; Regimento Interno Conselho Fiscal e de Administra\u00e7\u00e3o &#8211; Atas de Reuni\u00f5es&#8211; Calend\u00e1rio de Reuni\u00f5es&#8211; Membros&#8211; Portarias&#8211; Regimento Interno Diretoria Executiva &#8211; Atas de Reuni\u00f5es&#8211; Calend\u00e1rio de Reuni\u00f5es&#8211; Membros&#8211; Portarias&#8211; Regimento [&hellip;]<\/p>\n","protected":false},"author":1,"featured_media":0,"parent":0,"menu_order":0,"comment_status":"closed","ping_status":"closed","template":"","meta":{"_et_pb_use_builder":"off","_et_pb_old_content":"<!-- wp:quote -->\n<blockquote class=\"wp-block-quote\"><!-- wp:paragraph -->\n<p>Comit\u00ea de Investimentos<\/p>\n<!-- \/wp:paragraph --><cite>- Atas de Reuni\u00f5es<br>- Calend\u00e1rio de Reuni\u00f5es<br>- Membros<br>- Portarias<br>- Regimento Interno<\/cite><\/blockquote>\n<!-- \/wp:quote -->\n\n<!-- wp:quote -->\n<blockquote class=\"wp-block-quote\"><!-- wp:paragraph -->\n<p>Conselho Deliberativo<\/p>\n<!-- \/wp:paragraph --><cite>- Atas de Reuni\u00f5es<br>- Calend\u00e1rio de Reuni\u00f5es<br>- Membros<br>- Portarias<br>- Regimento Interno<\/cite><\/blockquote>\n<!-- \/wp:quote -->\n\n<!-- wp:quote -->\n<blockquote class=\"wp-block-quote\"><!-- wp:paragraph -->\n<p>Conselho Fiscal e de Administra\u00e7\u00e3o<\/p>\n<!-- \/wp:paragraph --><cite>- Atas de Reuni\u00f5es<br>- Calend\u00e1rio de Reuni\u00f5es<br>- Membros<br>- Portarias<br>- Regimento Interno<\/cite><\/blockquote>\n<!-- \/wp:quote -->\n\n<!-- wp:quote -->\n<blockquote class=\"wp-block-quote\"><!-- wp:paragraph -->\n<p>Diretoria Executiva<\/p>\n<!-- \/wp:paragraph --><cite>- Atas de Reuni\u00f5es<br>- Calend\u00e1rio de Reuni\u00f5es<br>- Membros<br>- Portarias<br>- Regimento Interno<\/cite><\/blockquote>\n<!-- \/wp:quote -->\n\n<!-- wp:quote -->\n<blockquote class=\"wp-block-quote\"><!-- wp:paragraph -->\n<p>C\u00f3digo de \u00c9tica<\/p>\n<!-- \/wp:paragraph --><\/blockquote>\n<!-- \/wp:quote -->\n\n<!-- wp:quote -->\n<blockquote class=\"wp-block-quote\"><!-- wp:paragraph -->\n<p>Defini\u00e7\u00e3o de Limites de Al\u00e7adas<\/p>\n<!-- \/wp:paragraph --><\/blockquote>\n<!-- \/wp:quote -->\n\n<!-- wp:quote -->\n<blockquote class=\"wp-block-quote\"><!-- wp:paragraph -->\n<p>e-Sic<\/p>\n<!-- \/wp:paragraph --><\/blockquote>\n<!-- \/wp:quote -->\n\n<!-- wp:quote -->\n<blockquote class=\"wp-block-quote\"><!-- wp:paragraph -->\n<p>Gest\u00e3o de Pessoas<\/p>\n<!-- \/wp:paragraph --><\/blockquote>\n<!-- \/wp:quote -->\n\n<!-- wp:quote -->\n<blockquote class=\"wp-block-quote\"><!-- wp:paragraph -->\n<p><a href=\"https:\/\/3itserver.com.br\/modelo2022_ProGestao\/governanca-corporativa\/legislacao\/\">Legisla\u00e7\u00e3o<\/a><\/p>\n<!-- \/wp:paragraph --><\/blockquote>\n<!-- \/wp:quote -->\n\n<!-- wp:quote -->\n<blockquote class=\"wp-block-quote\"><!-- wp:paragraph -->\n<p>Mandato, Representa\u00e7\u00e3o e Recondu\u00e7\u00e3o (Conselhos)<\/p>\n<!-- \/wp:paragraph --><\/blockquote>\n<!-- \/wp:quote -->\n\n<!-- wp:quote -->\n<blockquote class=\"wp-block-quote\"><!-- wp:paragraph -->\n<p>Ouvidoria<\/p>\n<!-- \/wp:paragraph --><\/blockquote>\n<!-- \/wp:quote -->\n\n<!-- wp:quote -->\n<blockquote class=\"wp-block-quote\"><!-- wp:paragraph -->\n<p><a href=\"https:\/\/3itserver.com.br\/modelo2022_ProGestao\/governanca-corporativa\/pesquisa-de-satisfacao\/\">Pesquisa de Satisfa\u00e7\u00e3o<\/a><\/p>\n<!-- \/wp:paragraph --><\/blockquote>\n<!-- \/wp:quote -->\n\n<!-- wp:quote -->\n<blockquote class=\"wp-block-quote\"><!-- wp:paragraph -->\n<p>Planejamento Estrat\u00e9gico<\/p>\n<!-- \/wp:paragraph --><\/blockquote>\n<!-- \/wp:quote -->\n\n<!-- wp:quote -->\n<blockquote class=\"wp-block-quote\"><!-- wp:paragraph -->\n<p>Pol\u00edticas Previdenci\u00e1rias de Sa\u00fade e Seguran\u00e7a do Servidor<\/p>\n<!-- \/wp:paragraph --><\/blockquote>\n<!-- \/wp:quote -->\n\n<!-- wp:quote -->\n<blockquote class=\"wp-block-quote\"><!-- wp:paragraph -->\n<p>Relat\u00f3rio de Gest\u00e3o Atuarial<\/p>\n<!-- \/wp:paragraph --><\/blockquote>\n<!-- \/wp:quote -->\n\n<!-- wp:quote -->\n<blockquote class=\"wp-block-quote\"><!-- wp:paragraph -->\n<p>Relat\u00f3rio de Governan\u00e7a Corporativa<\/p>\n<!-- \/wp:paragraph --><\/blockquote>\n<!-- \/wp:quote -->\n\n<!-- wp:quote -->\n<blockquote class=\"wp-block-quote\"><!-- wp:paragraph -->\n<p>Segrega\u00e7\u00e3o das Atividades<\/p>\n<!-- \/wp:paragraph --><\/blockquote>\n<!-- \/wp:quote -->","_et_gb_content_width":"","footnotes":""},"class_list":["post-701","page","type-page","status-publish","hentry"],"_links":{"self":[{"href":"https:\/\/3itserver.com.br\/modelo2022_ProGestao\/wp-json\/wp\/v2\/pages\/701","targetHints":{"allow":["GET"]}}],"collection":[{"href":"https:\/\/3itserver.com.br\/modelo2022_ProGestao\/wp-json\/wp\/v2\/pages"}],"about":[{"href":"https:\/\/3itserver.com.br\/modelo2022_ProGestao\/wp-json\/wp\/v2\/types\/page"}],"author":[{"embeddable":true,"href":"https:\/\/3itserver.com.br\/modelo2022_ProGestao\/wp-json\/wp\/v2\/users\/1"}],"replies":[{"embeddable":true,"href":"https:\/\/3itserver.com.br\/modelo2022_ProGestao\/wp-json\/wp\/v2\/comments?post=701"}],"version-history":[{"count":9,"href":"https:\/\/3itserver.com.br\/modelo2022_ProGestao\/wp-json\/wp\/v2\/pages\/701\/revisions"}],"predecessor-version":[{"id":1229,"href":"https:\/\/3itserver.com.br\/modelo2022_ProGestao\/wp-json\/wp\/v2\/pages\/701\/revisions\/1229"}],"wp:attachment":[{"href":"https:\/\/3itserver.com.br\/modelo2022_ProGestao\/wp-json\/wp\/v2\/media?parent=701"}],"curies":[{"name":"wp","href":"https:\/\/api.w.org\/{rel}","templated":true}]}}