{"id":1894,"date":"2025-05-27T07:43:41","date_gmt":"2025-05-27T10:43:41","guid":{"rendered":"https:\/\/3itserver.com.br\/capoeiras\/?page_id=1894"},"modified":"2025-10-23T16:16:36","modified_gmt":"2025-10-23T19:16:36","slug":"conheca-o-rpps","status":"publish","type":"page","link":"https:\/\/3itserver.com.br\/capoeiras\/institucional\/conheca-o-rpps\/","title":{"rendered":"Conhe\u00e7a o RPPS"},"content":{"rendered":"\n<p data-raofz=\"13\"><span data-raofz=\"13\">Regime Pr\u00f3prio de Previd\u00eancia Social \u00e9 um sistema de previd\u00eancia, estabelecido no \u00e2mbito de cada ente federativo, que assegure, por lei, a todos os servidores titulares de cargo efetivo, pelo menos os benef\u00edcios de aposentadoria e pens\u00e3o por morte previstos no\u00a0<b>artigo 40<\/b>\u00a0da Constitui\u00e7\u00e3o Federal.<\/span><\/p>\n<p data-raofz=\"13\"><span data-raofz=\"13\">S\u00e3o intitulados de Regimes Pr\u00f3prios porque cada ente p\u00fablico da Federa\u00e7\u00e3o (Uni\u00e3o, Estados, Distrito Federal e Munic\u00edpios) pode ter o seu, cuja finalidade \u00e9 organizar a previd\u00eancia dos servidores p\u00fablicos titulares de cargo efetivo, tanto daqueles em atividade, como daqueles j\u00e1 aposentados e tamb\u00e9m dos pensionistas, cujos benef\u00edcios estejam sendo pagos pelo ente estatal.<\/span><\/p>\n<p data-raofz=\"13\"><i data-raofz=\"13\"><span data-raofz=\"13\">(Fonte: Secretaria de Previd\u00eancia)\u00a0<\/span><\/i><\/p>\n<h3>C\u00f3digo de \u00c9tica<\/h3>\n<p>Assegurar aos servidores p\u00fablicos e seus dependentes os benef\u00edcios que lhe sejam devidos, gerindo recursos de forma a observar o car\u00e1ter contributivo e o equil\u00edbrio financeiro atuarial.<\/p>\n<h3>Benef\u00edcios<\/h3>\n<p>O Instituto de Previd\u00eancia dos Servidores de Capoeiras (IPSEC) incorpora uma gama de benef\u00edcios para os segurados, tais como:<\/p>\n<ul>\n<li><strong>Aposentadoria Compuls\u00f3ria<\/strong><\/li>\n<li><strong>Aposentadoria Volunt\u00e1ria por Idade<\/strong><\/li>\n<li><strong>Aposentadoria Volunt\u00e1ria por Idade e Tempo de contribui\u00e7\u00e3o<\/strong><\/li>\n<li><strong>Aposentadoria Especial de Professor<\/strong><\/li>\n<li><strong>Aposentadoria por invalidez<\/strong><\/li>\n<\/ul>\n<p>Benef\u00edcios devidos aos dependentes:<\/p>\n<ul>\n<li><strong>Pens\u00e3o por Morte<\/strong><\/li>\n<\/ul>\n<h3>Contato do IPSEC:<\/h3>\n<p>Fone: (087) 3796-1054<\/p>\n<p>E-mail:\u00a0<span id=\"cloak65183\"><a href=\"mailto:capoeirasprevidencia@hotmail.com\">capoeirasprevidencia@hotmail.com<\/a><\/span><\/p>\n<p>Hor\u00e1rio de Atendimento: 08:00 \u00e0s 13:00<\/p>\n<p>Lei de ReformaLei N\u00ba 730\/2020<\/p>\n<table style=\"border: none !important; margin-bottom: 30px; margin-top: 50px;\" width=\"100%\">\n<thead>\n<tr>\n<th style=\"text-align: center; border: none; border-bottom: 1px solid #ccc;\" colspan=\"2\"><strong>Instituto de Previd\u00eancia dos Servidores Municipais de Capoeiras<\/strong><\/th>\n<\/tr>\n<\/thead>\n<tbody>\n<tr>\n<td style=\"text-align: center; border: none;\">Data de Cria\u00e7\u00e3o<\/td>\n<td style=\"text-align: center; border: none;\">31 de Maio de 2001<\/td>\n<\/tr>\n<tr>\n<td style=\"text-align: center; border: none;\">Lei que institui o RPPS<\/td>\n<td style=\"text-align: center; border: none;\">Lei N\u00ba 275\/2001<\/td>\n<\/tr>\n<tr>\n<td style=\"text-align: center; border: none; border-bottom: 1px solid #ccc;\">Gestor Atual<\/td>\n<td style=\"text-align: center; border: none; border-bottom: 1px solid #ccc;\">LUIS CARLOS ROCHA DA SILVA<\/td>\n<\/tr>\n<\/tbody>\n<\/table>\n","protected":false},"excerpt":{"rendered":"<p>Regime Pr\u00f3prio de Previd\u00eancia Social \u00e9 um sistema de previd\u00eancia, estabelecido no \u00e2mbito de cada ente federativo, que assegure, por lei, a todos os servidores titulares de cargo efetivo, pelo menos os benef\u00edcios de aposentadoria e pens\u00e3o por morte previstos no\u00a0artigo 40\u00a0da Constitui\u00e7\u00e3o Federal. S\u00e3o intitulados de Regimes Pr\u00f3prios porque cada ente p\u00fablico da Federa\u00e7\u00e3o [&hellip;]<\/p>\n","protected":false},"author":1,"featured_media":0,"parent":226,"menu_order":0,"comment_status":"closed","ping_status":"closed","template":"","meta":{"_et_pb_use_builder":"off","_et_pb_old_content":"","_et_gb_content_width":"","footnotes":""},"class_list":["post-1894","page","type-page","status-publish","hentry"],"_links":{"self":[{"href":"https:\/\/3itserver.com.br\/capoeiras\/wp-json\/wp\/v2\/pages\/1894","targetHints":{"allow":["GET"]}}],"collection":[{"href":"https:\/\/3itserver.com.br\/capoeiras\/wp-json\/wp\/v2\/pages"}],"about":[{"href":"https:\/\/3itserver.com.br\/capoeiras\/wp-json\/wp\/v2\/types\/page"}],"author":[{"embeddable":true,"href":"https:\/\/3itserver.com.br\/capoeiras\/wp-json\/wp\/v2\/users\/1"}],"replies":[{"embeddable":true,"href":"https:\/\/3itserver.com.br\/capoeiras\/wp-json\/wp\/v2\/comments?post=1894"}],"version-history":[{"count":3,"href":"https:\/\/3itserver.com.br\/capoeiras\/wp-json\/wp\/v2\/pages\/1894\/revisions"}],"predecessor-version":[{"id":2166,"href":"https:\/\/3itserver.com.br\/capoeiras\/wp-json\/wp\/v2\/pages\/1894\/revisions\/2166"}],"up":[{"embeddable":true,"href":"https:\/\/3itserver.com.br\/capoeiras\/wp-json\/wp\/v2\/pages\/226"}],"wp:attachment":[{"href":"https:\/\/3itserver.com.br\/capoeiras\/wp-json\/wp\/v2\/media?parent=1894"}],"curies":[{"name":"wp","href":"https:\/\/api.w.org\/{rel}","templated":true}]}}